base 5, what is -341 - 1204243034?
-1204243430
In base 12, what is -5581 - -944?
-4839
In base 10, what is -176 - 3294766?
-3294942
In base 9, what is 22436 + -138?
22287
In base 15, what is -3 - -165224?
165221
In base 16, what is -6244a8 - -1?
-6244a7
In base 5, what is -410211 + 32141?
-323020
In base 5, what is 2 + -1323020021?
-1323020014
In base 16, what is -2c22e + 359?
-2bed5
In base 5, what is -112310344 - 11?
-112310410
In base 2, what is 1100101011001001 + -101011000?
1100100101110001
In base 6, what is 1200402002 - 34?
1200401524
In base 13, what is 3 - -4b8c7c?
4b8c82
In base 5, what is -11401401324 + -1?
-11401401330
In base 5, what is -3102141 - -4101?
-3043040
In base 3, what is -102122012 - -1110012202?
1000120120
In base 5, what is -1214022043 + -11?
-1214022104
In base 3, what is 12 + 2200222001012201?
2200222001012220
In base 16, what is 4e91b8d + 5?
4e91b92
In base 9, what is 17543714 - -2?
17543716
In base 13, what is -38b6b + 83?
-38ab8
In base 8, what is -5 - 71207522?
-71207527
In base 2, what is 10100101011011 + 111000000011?
11011101011110
In base 14, what is -d7 - -1316b?
13074
In base 15, what is -738a + 1b0?
-71ca
In base 11, what is 4 + -1969313?
-196930a
In base 10, what is 64 + 20866?
20930
In base 5, what is -3 + 420002204?
420002201
In base 8, what is 624 - -1175501?
1176325
In base 9, what is -141564 + 132?
-141432
In base 7, what is 105225443 + -21?
105225422
In base 3, what is 1 - 101100012211201?
-101100012211200
In base 16, what is 12 - 4c993c?
-4c992a
In base 11, what is -196a - 113155?
-115014
In base 5, what is -3 - -12022224?
12022221
In base 7, what is -21 + -24132234?
-24132255
In base 12, what is 3 - -2306214?
2306217
In base 10, what is 6 - 2045450?
-2045444
In base 16, what is -147 - -42fef?
42ea8
In base 16, what is -41e8e + -823?
-426b1
In base 3, what is -1000010 - 202201100021?
-202202100101
In base 4, what is -21001320 + 311?
-21001003
In base 16, what is 5e3d - 164?
5cd9
In base 11, what is -112 - -7858?
7746
In base 14, what is 3 + -2d2836?
-2d2833
In base 5, what is 10033302104 + -1?
10033302103
In base 10, what is 3172 + -198?
2974
In base 3, what is -11 + 101002220010120120?
101002220010120102
In base 8, what is 2615127 - -401?
2615530
In base 9, what is 410 - 38778?
-38368
In base 3, what is -21020 - 11101020012?
-11101111102
In base 5, what is 23 - -30234033?
30234111
In base 5, what is -44140341 - -420?
-44134421
In base 12, what is -34155a1a4 + 2?
-34155a1a2
In base 14, what is 5 - -1c450465?
1c45046a
In base 9, what is 58 + 6628324?
6628383
In base 5, what is 3 + -13321332300?
-13321332242
In base 8, what is -547710551 + -2?
-547710553
In base 8, what is 44520 - -27?
44547
In base 7, what is -353506 + 53646?
-266530
In base 11, what is -22 + -81655?
-81677
In base 13, what is -5 - 15b1424?
-15b1429
In base 6, what is -1242332245 + -4?
-1242332253
In base 4, what is 21 - 20011120231?
-20011120210
In base 7, what is -3104051 - 0?
-3104051
In base 3, what is -2211000112200101 + -12?
-2211000112200120
In base 9, what is 4 + 347830704?
347830708
In base 8, what is -264463 + 1120?
-263343
In base 15, what is -5e9981a4 + -3?
-5e9981a7
In base 7, what is -116426 - -2152?
-114244
In base 13, what is 4 - cbb53c5?
-cbb53c1
In base 4, what is -2301 + 13012102113?
13012033212
In base 15, what is 2 + 467e9c4?
467e9c6
In base 5, what is -11100211 + 1114?
-11044042
In base 4, what is -10332201013132 + -3?
-10332201013201
In base 8, what is 4 + 331235713?
331235717
In base 10, what is -89716 + -48?
-89764
In base 8, what is -44270 + 7360?
-34710
In base 13, what is -3 - 34a2ba?
-34a2c0
In base 11, what is 125a6a4 + 2?
125a6a6
In base 8, what is 77547 + -751?
76576
In base 2, what is -1000 - -1011111001100110101?
1011111001100101101
In base 9, what is 2831508 - 675?
2830723
In base 5, what is 14 + 1023430?
1023444
In base 12, what is -649767a + 7?
-6497673
In base 15, what is -5b0 + -1b00?
-21b0
In base 16, what is -18 - -8220?
8208
In base 2, what is -10000000 + -100011101010011010011?
-100011101010101010011
In base 10, what is 1027 + -372630?
-371603
In base 8, what is -117615 + 652?
-116743
In base 10, what is -2987 - -543113?
540126
In base 8, what is -506152463 - -5?
-506152456
In base 8, what is -4 - 13037257?
-13037263
In base 3, what is 12102112210110 + -10211?
12102112122122
In base 6, what is -5 - 351352031?
-351352040
In base 14, what is -17b - -1b658?
1b4bb
In base 11, what is 150 + 65543?
65693
In base 5, what is 10 + 11022202120?
11022202130
In base 16, what is -546db6 - 4?
-546dba
In base 4, what is -2 + -212213312321?
-212213312323
In base 14, what is -337d90 + 607?
-337787
In base 9, what is 415 - -12153?
12568
In base 5, what is 4101 - -310103001?
310112102
In base 6, what is 20250044 + 3534?
20254022
In base 11, what is 23463 + -1493?
21a80
In base 15, what is -143398 - -35?
-143363
In base 8, what is 2 - 1301444253?
-1301444251
In base 5, what is -11102 + -1014441?
-1031043
In base 5, what is -3344 - 10444101?
-11003000
In base 16, what is cfe87 - -d?
cfe94
In base 5, what is -21213414 + 3022?
-21210342
In base 3, what is -100102221 + -2002?
-100112000
In base 3, what is -1100200012120221002 - 0?
-1100200012120221002
In base 16, what is d + -c44dc1?
-c44db4
In base 15, what is 3d - -6a278?
6a2b6
In base 12, what is 26892 - 427?
26467
In base 7, what is 162132 + 1162?
163324
In base 4, what is 10303 + 1010131311?
1010202220
In base 6, what is 243441 - 252?
243145
In base 10, what is 5 - -5877832?
5877837
In base 15, what is -5 - 24cb5dae?
-24cb5db4
In base 13, what is -31162 - 1020?
-32182
In base 4, what is 320201103133 - -11?
320201103210
In base 12, what is 5 - -b9965a?
b99663
In base 10, what is 1585597 - -5?
1585602
In base 12, what is 212 - 6120?
-5b0a
In base 4, what is 121210 - -2230220?
3012030
In base 6, what is -30451321 - -202?
-30451115
In base 13, what is -2 + -10151892?
-10151894
In base 5, what is -30430 - 13042?
-44022
In base 9, what is -1357560 + 1?
-1357558
In base 14, what is 13750 + 62?
137b2
In base 9, what is 664 - -1483542?
1484316
In base 13, what is -2b22b + b29?
-2a402
In base 9, what is 48778042 - -7?
48778050
In base 13, what is -29965b50 - 1?
-29965b51
In base 11, what is -1 - -10953632?
10953631
In base 8, what is -136313 + -627?
-137142
In base 13, what is -42cb - 479?
-4777
In base 12, what is 3162243 - -2?
3162245
In base 8, what is -14 + 207317340?
207317324
In base 13, what is 4 + -2174966a?
-21749666
In base 13, what is 635 + -33ac?
-2a77
In base 14, what is 19d9443 - 4?
19d943d
In base 6, what is -10435551 - -1?
-10435550
In base 12, what is -8 - -198b781?
198b775
In base 2, what is -11 + -101110000101000111110011?
-101110000101000111110110
In base 4, what is 333100033 + 30231?
333130330
In base 13, what is 10ba0b + -12?
10b9c9
In base 10, what is -28 - -30368?
30340
In base 10, what is -9 - 40593638?
-40593647
In base 10, what is 2955444 - -90?
2955534
In base 3, what is -220 + -1011011020102101?
-1011011020110021
In base 11, what is 2529 + -50638?
-4910a
In base 8, what is -23506032 - -55?
-23505755
In base 3, what is 1021120220 - -1101020?
1022222010
In base 8, what is 4 - -142726654?
142726660
In base 15, what is 18dc94c - 9?
18dc943
In base 10, what is 102 - -5159349?
5159451
In base 12, what is 9a43a - -b4?
9a532
In base 14, what is 2d1a - 7cb?
252d
In base 10, what is -3392 - -24320?
20928
In base 6, what is 111451 + 1514232?
2030123
In base 9, what is 45 - -1046672?
1046727
In base 4, what is 112322 + 133122301?
133301223
In base 5, what is -1003004 + 22?
-1002432
In base 6, what is 20 - 140054252?
-140054232
In base 11, what is 1 + 506a40?
506a41
In base 15, what is -2 + 4c065d1?
4c065ce
In base 2, what is 1011100 + -10101011000111101001000?
-10101011000111011101100
In base 9, what is -40 + -155406?
-155446
In base 10, what is -1222 + 836?
-386
In base 13, what is 11937a - 7a?
119300
In base 9, what is 34 - 1476458?
-1476424
In base 11, what is -5294 - 9817?
-14000
In base 8, what is 3 + 11254132?
11254135
In base 6, what is 243 - 224503?
-224220
In base 3, what is 2200122012102212 + 10?
2200122012102222
In base 3, what is -10101220020202201 - 0?
-10101220020202201
In base 14, what is -481c5c + -1a?
-481c78
In base 4, what is 1